10?
70
Let q(c) = -2*c**2 - 5*c + 964. Let r be q(-22). Calculate the greatest common divisor of r and 3127.
53
Let o = -3549 + 3567. What is the highest common factor of o and 234?
18
Let h be (-1)/((10/30)/((-115)/15 - -3)). What is the greatest common factor of h and 158?
2
Let x = -18569 + 18596. What is the greatest common divisor of 1 and x?
1
Let v = 348 + -220. Suppose 0 = 3*i + 5*y - v - 817, 0 = -4*i - 2*y + 1274. Calculate the highest common factor of 40 and i.
40
Suppose 6*j - 3*x - 2435 = 2*j, j - x = 609. Let f = 29590 + -29514. What is the highest common factor of j and f?
76
Suppose 0 = -2*d - 4*d + 1734. Let j = -11683 + 11734. What is the highest common factor of d and j?
17
Suppose -13 = 11*u - 13. Suppose -17*m + 39*m - 4928 = u. Let b = 82 + -54. Calculate the highest common factor of b and m.
28
Suppose -5*r = 5*a - 550, 3*a + 93*r - 96*r - 306 = 0. What is the greatest common divisor of 4558 and a?
106
Suppose 5*m + 25 + 5 = 0. Let o be ((-4)/m)/((-2)/3) + -133. Let p = 55 - o. What is the highest common factor of p and 21?
21
Let x(l) = 4*l**3 - 8*l**2 - 12*l + 25. Let o be x(3). Calculate the highest common factor of 6000 and o.
25
Suppose -2*o - 21*o - 456 = -31*o. Calculate the greatest common divisor of o and 14307.
57
Let t = 199 - 197. Suppose 3*m + 15 = t*p + 4*m, 4*p - 50 = 2*m. What is the greatest common divisor of 25 and p?
5
Suppose 5*i - 42 = -3*u, 2*u - 20 = -0*i - 2*i. Let b be 26 + (726/99 - (-2)/(-6)). Calculate the highest common divisor of i and b.
3
Let w be 14/4 - (-3)/6. Let f be ((-4)/7)/(w*4/(-56)). Let h be (2/(-3))/(f/(-36)). Calculate the highest common factor of h and 30.
6
Let l = -3037 + 3040. Calculate the greatest common factor of 1629 and l.
3
Suppose 2*r - 5030 = -2*g, 0 = -3*g + 3*r + 6320 + 1207. What is the greatest common factor of g and 16?
16
Let m = -702 - -4794. Calculate the greatest common factor of 132 and m.
132
Let f = -350 - -355. Let t be 101/f - (-18)/(-90). What is the highest common divisor of 30 and t?
10
Let r(s) = s**2 + 7*s + 18. Let i(c) = -c + 5. Let d be i(10). Let p be r(d). Suppose 0 = p*z - 10*z + 8. What is the greatest common divisor of 20 and z?
4
Let i = 19 + -7. Let t = 3352 - 3298. Calculate the greatest common divisor of t and i.
6
Let z = 5617 + -3452. What is the greatest common divisor of z and 5?
5
Let u be (-561)/(-5) - 211/1055 - -2. Calculate the highest common factor of 1843 and u.
19
Suppose -42836 = -2*v - 6*b, -42837 = -2*v - 29*b + 24*b. What is the greatest common divisor of 31 and v?
31
Suppose -24*v = -21*v - 483. Suppose 104*j = 111*j - v. Calculate the greatest common divisor of j and 23.
23
Suppose -3*y - 11*v + 94 = 0, 3*y - 62 = 25*v - 20*v. Calculate the greatest common factor of y and 344.
8
Let a be 2*((-7709)/(-26) - -9). What is the highest common divisor of 13 and a?
13
Let c be (-14)/77 + (-192)/33 - -6. Suppose c = 2*w - 10, 0 = -4*k - 5*w + 10*w + 575. What is the highest common divisor of 250 and k?
50
Suppose 30 = x + 2. Suppose -x - 20 = -8*l. Let t be 20/l - (-12)/(-36). What is the highest common divisor of 18 and t?
3
Let g = 8319 + -8130. Calculate the greatest common divisor of g and 1386.
63
Let w = 736 - 689. Let b(v) = -v**3 + 14*v**2 - 9*v + 1. Let r be b(6). Calculate the greatest common factor of r and w.
47
Let g = -760 - -4246. What is the greatest common factor of g and 42?
42
Let t = 15 - -3. Let d be 1/(-1) - (-27 + 24). Let a be d + (39/12)/((-1)/(-16)). Calculate the greatest common factor of a and t.
18
Suppose 2*d = -4*x + 18, 2*x = 4*d + 3 + 1. Suppose n + x*r = 18, 42 + 40 = 3*n - 2*r. Calculate the highest common divisor of n and 130.
26
Suppose 0 = 34*r - 36*r + 30. Let g be (9 - -416)*(0 + -3 + 54/15). Calculate the greatest common factor of r and g.
15
Let p(b) = 8*b + 48. Let t be 6/(-15) + (-66)/(-15). Let c be p(t). Calculate the highest common divisor of 200 and c.
40
Let y(s) = -5*s + s - 4 + s**2 + 0*s + 12*s. Let t be y(-9). Suppose -4*u + 76 = 5*r, t*u + 6*r = 3*r + 108. Calculate the greatest common factor of 8 and u.
8
Let d(f) = -2*f + 13. Let q be d(1). Suppose 0 = -12*o + 95 - q. Calculate the greatest common divisor of o and 378.
7
Let z = 72 + -62. Suppose -x - 4*x + 354 = p, -z = -2*x. What is the greatest common divisor of p and 47?
47
Let b(q) = 2*q**3 - 6*q**2 + 3*q + 1. Let j be b(4). Suppose 0 = -4*r - 0*r - 68. Let m = 26 + r. Calculate the highest common divisor of m and j.
9
Suppose -133 = m + 4*n, 5*m + 2*n - 4*n = -621. Let w be (4/10)/((-5)/m). Let j(x) = 13*x - 25. Let c be j(5). Calculate the highest common factor of c and w.
10
Let t(z) = z**3 - 5*z**2 - 27*z + 22. Let q be t(13). What is the highest common factor of q and 11?
11
Suppose 3*b - 15067 = -4*k, 2*b = -k + 6*k + 10060. Calculate the highest common divisor of 225 and b.
75
Let r be (-1052)/(-22) - (-20)/110. Suppose 3*o + 312 = 3*n, 4*n + 25*o = 21*o + 392. Let k = n - 65. What is the greatest common divisor of r and k?
12
Let b = 62964 + -31284. Calculate the highest common divisor of 32 and b.
32
Let i(t) = 3*t**3 + 44*t**2 + 20*t + 61. Let d be i(-13). Calculate the highest common factor of 102 and d.
34
Suppose 4*h + 7 = 15. Suppose -5*p - 5*g = -210, h*p - 2 = 3*g + 72. Calculate the greatest common divisor of 740 and p.
20
Let r(a) = -a**2 - a - 1. Let d(s) = s**3 + 11*s**2 - 8*s - 10. Let h(t) = -d(t) - 2*r(t). Let b be h(-10). Calculate the greatest common divisor of b and 6.
6
Let l = -3316 + 3965. Calculate the greatest common divisor of l and 176.
11
Let j be (120/72 - 25/(-3)) + 5. Suppose 3*n + 10*w = j*w + 177, 4*n - 204 = -4*w. Calculate the highest common divisor of n and 2.
2
Let f(o) = 9*o**2 + 9*o - 62. Let b be f(3). Suppose 3*z = z + 3*i + 291, 261 = 2*z + 3*i. What is the greatest common factor of b and z?
46
Let r be ((-319)/(-58))/(2/12). Suppose r = -3*h + 6*h. Suppose 4*j - 240 - 112 = 0. What is the highest common divisor of j and h?
11
Suppose 0 = 23*n - 453 - 237. What is the greatest common divisor of n and 705?
15
Let f be 0*(9/(-2) + 4). Suppose 0 = -4*r - f*k + 3*k + 1505, -2*k + 1887 = 5*r. Calculate the greatest common divisor of 26 and r.
13
Let n be (-294)/(-1) + (-77)/2*(-66)/363. Calculate the greatest common divisor of 77 and n.
7
Suppose 2888 = -4*o + 6*o. Let x be 126/(-315) + 1/(10/o). Let d(c) = -7*c - 26. Let k be d(-6). Calculate the highest common factor of k and x.
16
Suppose -56*f = 497 - 1729. Let r(l) = 4*l**2 + l + 1. Let d be r(-1). Suppose 7 = d*b - 5, -3*b - 123 = -4*p. Calculate the greatest common factor of p and f.
11
Let b be (0 - -122) + (8 - 6) + -4. Calculate the highest common divisor of b and 440.
40
Let q(b) = -5*b**2 + b**3 - 1 + b + 17*b**2 - 4*b**2 - 9*b**2. Let i be q(0). Let z be 2*(16 + 6 + i). What is the greatest common factor of z and 210?
42
Let s = 556 + -556. Suppose s = -5*u + 5*w + 805, 6*u - 3*u + 2*w = 503. Suppose 6*l - 5*l = 15. What is the greatest common divisor of u and l?
15
Suppose 612 = 21*o - 1026. What is the highest common factor of o and 52?
26
Let m(t) = -t**3 + 6*t**2 + t - 2. Let q be m(6). Let w be 9 - -1 - (q + (-5 - -4)). Suppose -264 = -w*k + 3*k. Calculate the greatest common factor of k and 6.
6
Suppose -4*j + 255 = 4*t - 9*j, 0 = -5*j + 25. Let l be (6 + 16/(-3))/(728/120 - 6). What is the greatest common divisor of t and l?
10
Suppose 0*s - 4*s = 20. Let l be 16*((-4675)/(-4))/s. Let o be l/66*3/(-2). Calculate the greatest common divisor of 17 and o.
17
Let b be ((-13)/(468/(-135)))/(3/(-200)). Let q = b - -440. Calculate the greatest common divisor of 38 and q.
38
Let a = 7126 - 7106. Calculate the highest common factor of a and 265.
5
Suppose 2791*q = 2772*q + 23484. What is the highest common factor of 24 and q?
12
Let q(f) = -f**2 + 14*f - 41. Let v be 12/(-7)*6*7/(-9). Let z be q(v). Calculate the highest common factor of 119 and z.
7
Let l = 428 - 379. Let q be (630/l)/((-4)/(-84)*1). Calculate the highest common divisor of 15 and q.
15
Suppose 3*j - 2*b = -2 - 0, 5*b - 28 = -4*j. Suppose -9*i + 924 = -j*i. Calculate the highest common divisor of 12 and i.
12
Let c be -12 - 0 - (121 + -172). Calculate the greatest common divisor of 2444 and c.
13
Suppose 0 = 58*z - 51*z - 3703. Let u = z - 1